alculate l(-7).
53
Let b(a) = 2*a + 34. Give b(-15).
4
Let p(q) = -q**2 - 8*q - 6. Calculate p(-10).
-26
Let r(c) = 37*c**3 + 3*c**2 + 3*c. What is r(-1)?
-37
Let n(g) = -3*g**2 + 4*g + 1. Determine n(-3).
-38
Let p(d) = d**2 + 11*d - 1. Calculate p(-3).
-25
Let w(j) = -j**2 - 29*j - 63. What is w(-29)?
-63
Let i(z) = z**3 - 57*z**2 + 56*z - 3. Give i(56).
-3
Let z(y) = 5*y + 13. Determine z(2).
23
Let w(y) = -y**2 + 7*y - 6. Calculate w(6).
0
Let c(i) = i**2 + 4*i + 17. What is c(-7)?
38
Let o(r) = r**2 - 25*r + 4. Determine o(8).
-132
Let u(g) = 38*g + 78. Give u(-6).
-150
Let l(i) = -i**3 - i + 2. Determine l(5).
-128
Let s(o) = -o**2 - 10*o - 11. What is s(-9)?
-2
Let m(d) = -d**3 - 9*d**2 - 8*d + 8. Calculate m(-8).
8
Let y(u) = -4*u**2 + 21*u + 7. Calculate y(8).
-81
Let g(p) = p**2 - 70*p + 205. What is g(3)?
4
Let c(w) = w**3 + 6*w**2 - 5*w - 6. Calculate c(-6).
24
Let o(s) = 4*s**2 + 33*s + 10. Calculate o(-8).
2
Let q(c) = c**2 + 16*c - 20. Calculate q(-17).
-3
Let f(c) = 28*c + 2. Calculate f(-3).
-82
Let b(m) = 25*m + 4. Determine b(-2).
-46
Let q(w) = 2*w**2 - 57*w - 168. Give q(-3).
21
Let a(o) = -46*o**2 + 1. Give a(-1).
-45
Let h(r) = -r**2 - 14*r + 6. Give h(-14).
6
Let q(o) = -o**2 - o + 1. Give q(-5).
-19
Let z(h) = -2*h**2 - 5*h - 14. Determine z(-9).
-131
Let n(g) = g**3 + g**2 + g - 14. Determine n(0).
-14
Let f(q) = -4*q**2 - 29*q - 15. Give f(-7).
-8
Let c(n) = -26*n + 283. Give c(11).
-3
Let u(f) = -9*f + 184. What is u(20)?
4
Let j(o) = -2*o**3 - 15*o**2 + 6*o + 8. What is j(-8)?
24
Let p(k) = -k**2 + 23*k + 4. What is p(23)?
4
Let a(c) = c**3 + 3*c**2 - 5*c - 3. What is a(-4)?
1
Let t(j) = -j + 28. Calculate t(0).
28
Let g(k) = -k**2 - 3*k + 5. Determine g(2).
-5
Let m(t) = -21*t - 101. Give m(-5).
4
Let s(y) = 18*y**2 - 2*y - 3. Give s(-1).
17
Let l(q) = -3*q + 21. Determine l(-6).
39
Let h(z) = -5*z - 8. Determine h(4).
-28
Let f(y) = 2*y**3 - 11*y**2 + 4*y + 2. Give f(5).
-3
Let h(p) = p**3 + 5*p**2 + 5*p + 6. Determine h(-4).
2
Let z(g) = 2*g + 16. What is z(-8)?
0
Let t(c) = 4*c + 28. What is t(-21)?
-56
Let i(n) = -n + 7. Determine i(-3).
10
Let x(f) = -10*f - 1. What is x(-1)?
9
Let l(r) = -r**2 - 6*r - 3. Determine l(-3).
6
Let m(w) = w**2 - 12*w + 6. Determine m(12).
6
Let r(o) = o**3 + 12*o**2 + 32*o + 44. What is r(-9)?
-1
Let l(w) = -w**2 + 4*w + 2. Determine l(8).
-30
Let f(m) = m**3 - 9*m**2 + 7*m + 4. Calculate f(8).
-4
Let y(n) = 8*n - 150. Calculate y(18).
-6
Let b(m) = m**3 - 3*m**2 - 4*m - 3. Give b(4).
-3
Let a(h) = 2*h + 53. Determine a(-31).
-9
Let g(d) = -d - 48. Calculate g(0).
-48
Let g(p) = p**2 - 11*p + 21. What is g(7)?
-7
Let i(m) = -7*m. Give i(2).
-14
Let v(h) = -h**2 + 10*h - 11. Determine v(9).
-2
Let g(p) = p**3 - 21*p**2 + 18*p + 38. What is g(20)?
-2
Let f(x) = 3*x + 44. Calculate f(-13).
5
Let n(g) = -g**3 - g**2 + 5*g + 7. Determine n(-5).
82
Let s(h) = -3*h**2 - 5*h - 4. Determine s(-4).
-32
Let d(h) = h**2 - 22*h - 26. Calculate d(23).
-3
Let c(z) = -z**2 - 5*z + 5. Determine c(-7).
-9
Let l(i) = -48*i - 281. Give l(-6).
7
Let i(g) = g**3 - 19*g**2 - 94*g + 44. Give i(23).
-2
Let m(a) = -a**3 + 6*a**2 + 10*a - 10. What is m(7)?
11
Let a(x) = -19*x - 661. What is a(-35)?
4
Let l(a) = -a**3 - 10*a**2 + 12*a + 16. Give l(-11).
5
Let t(d) = d**3 + 13*d**2 + 15*d - 17. Determine t(-12).
-53
Let u(h) = -6*h**2 + 25*h - 1. What is u(6)?
-67
Let u(b) = b**3 - 15*b**2 + 15*b - 19. Give u(14).
-5
Let c(w) = w**3 - 6*w**2 + 10*w - 17. Calculate c(5).
8
Let a(h) = -h**2 + h + 67. Give a(9).
-5
Let i(r) = 62*r**2 - 6*r - 7. Determine i(-1).
61
Let x(s) = -10*s + 4. Calculate x(-1).
14
Let t(c) = -13*c - 11. Calculate t(-6).
67
Let l(t) = -27*t**3 - 2*t**2 + 1. Calculate l(-1).
26
Let f(d) = d**2 - d - 4. Calculate f(3).
2
Let u(d) = -28*d + 13. Give u(-3).
97
Let k(j) = 11*j - 8. Give k(-1).
-19
Let k(p) = 17*p + 165. What is k(-10)?
-5
Let f(z) = -2*z**2 - 3*z. Calculate f(-2).
-2
Let z(a) = a**2 + a + 12. Determine z(5).
42
Let y(h) = -37*h + 1. What is y(1)?
-36
Let c(i) = -5*i + 36. Give c(4).
16
Let o(t) = 4*t**2 - 5*t - 4. Determine o(3).
17
Let g(j) = 12*j - 43. Give g(9).
65
Let x(j) = -2*j**3 + 20*j**2 - 3. Determine x(10).
-3
Let y(r) = r**2 - 14*r - 7. What is y(8)?
-55
Let h(q) = -59*q - 530. Calculate h(-9).
1
Let h(u) = u**3 - 19*u**2 + 17*u + 20. Calculate h(18).
2
Let i(w) = w + 18. Determine i(6).
24
Let n(a) = -a**2 - 24*a + 42. What is n(-27)?
-39
Let c(f) = f**3 - 3*f**2 - 3*f + 4. Calculate c(-3).
-41
Let a(t) = -20*t - 2. Determine a(-3).
58
Let q(r) = r**3 + 7*r**2 + r - 43. Calculate q(-5).
2
Let b(t) = 9*t**2 + 1. What is b(-1)?
10
Let k(h) = h + 16. What is k(7)?
23
Let i(a) = -2*a**3 - 52*a**2 - 2*a - 57. Calculate i(-26).
-5
Let b(j) = -j**2 + 12*j + 14. What is b(6)?
50
Let q(c) = -c**3 + 7*c**2 + 27*c - 1. Determine q(10).
-31
Let p(v) = -v**3 - 8*v**2 - 5*v - 3. What is p(-9)?
123
Let b(k) = k**3 + 5*k**2 - 5*k - 2. Determine b(-6).
-8
Let q(o) = -o**3 - o**2 + 6. Give q(-4).
54
Let v(l) = 2*l + 11. What is v(9)?
29
Let a(t) = -t + 12. Calculate a(7).
5
Let v(q) = -q**2 + 20*q - 27. Determine v(21).
-48
Let i(g) = g**3 + g**2 + 23. Calculate i(0).
23
Let v(r) = 5*r + 5. Give v(-6).
-25
Let l(p) = 9*p - 10. Give l(5).
35
Let o(z) = 22*z**2. Calculate o(1).
22
Let k(i) = -i**3 - 23*i**2 - 23*i - 20. What is k(-22)?
2
Let u(a) = -a**2 - 20*a + 134. What is u(-25)?
9
Let o(h) = -h**3 - 18*h**2 + 18*h - 25. What is o(-19)?
-6
Let w(c) = 5*c**3 - 1. What is w(-1)?
-6
Let p(t) = -t**2 - 5*t + 61. Give p(6).
-5
Let f(x) = x**2 + 3*x + 3. Determine f(-5).
13
Let n(d) = 22*d - 25. Determine n(6).
107
Let q(a) = 3*a - 8. Determine q(10).
22
Let w(a) = -a**3 + 6*a**2 - 5*a - 5. What is w(5)?
-5
Let m(h) = -36*h + 1793. What is m(50)?
-7
Let n(z) = 15*z. What is n(5)?
75
Let w(a) = -a + 11. What is w(9)?
2
Let o(j) = -2*j**2 + 26*j - 14. Calculate o(12).
10
Let v(t) = t - 2. What is v(9)?
7
Let k(c) = c**2 - 7*c - 4. Give k(8).
4
Let t(w) = 104*w**2 + 2*w + 1. Give t(-1).
103
Let v(x) = x**3 - 5*x**2 + 8*x - 30. Calculate v(5).
10
Let q(n) = n**3 + 5*n**2 + 4. Determine q(-4).
20
Let q(u) = u + 1. Calculate q(0).
1
Let g(q) = -11*q - 45. Give g(-6).
21
Let z(b) = -2*b**2 + 24*b + 19. What is z(12)?
19
Let w(p) = p**3 - 15*p**2 - 19*p + 12. Give w(16).
-36
Let u(j) = 9*j - 10. Give u(-2).
-28
Let p(n) = n**2 - 3*n - 44. What is p(10)?
26
Let z(x) = 2*x**3 + 30*x**2 - 33*x - 26. What is z(-16)?
-10
Let f(m) = 2*m**2 + 14*m - 1. Determine f(-7).
-1
Let c(n) = -2*n**3 + 45*n**2 - 23*n + 30. Determine c(22).
8
Let u(p) = -18*p + 240. Calculate u(13).
6
Let w(b) = -2*b + 9. Give w(6).
-3
Let a(f) = 2*f**3 + 2*f**2 + 4. Determine a(-2).
-4
Let k(j) = -58*j**2 - 18*j. What is k(-1)?
-40
Let o(d) = -d**2 + 8*d - 1. Determine o(6).
11
Let a(i) = -i**2 - 5*i + 12. What is a(2)?
-2
Let m(v) = v**3 + 5*v**2 - 6*v - 4. What is m(-6)?
-4
Let t(b) = b**2 - 13*b - 42. Give t(-3).
6
Let t(x) = -x**2 + 48*x + 29. Calculate t(49).
-20
Let y(r) = r**3 + 3*r**2 + 4*r + 5. Determine y(-3).
-7
Let s(o) = 38*o + 12. Calculate s(-3).
-102
Let v(l) = l**2 + 13*l - 63. What is v(-17)?
5
Let n(h) = -h**2 - h + 1. Determine n(2).
-5
Let i(r) = -r**3 - 4*r**2 - 3. Give i(-3).
-12
Let a(k) = -k**3 + 5*k**2 + 10. What is a(5)?
10
Let t(d) = -25*d - 109. What is t(-5)?
16
Let q(s) = -12*s - 136. Give q(-11).
-4
Let p(a) = a**2 - 24*a - 106. Determine p(-8).
150
Let k(n) = 12*n - 5. What is k(1)?
7
Let d(r) = 60*r**3 - r - 1. Calculate d(-1).
-60
Let u(d) = -d**3 + 7*d**2 + d + 21. Give u(7).
28
Let m(n) = -n**3 + 3*n**2 - 2*n + 21. Give m(5).
-39
Let d(r) = -r**2 - 10*r + 2. Give d(-7).
23
Let i(k) = k**3 - 3*k**2 - 4*k + 7. What is i(3)?
-5
Let v(d) = -d**3 + 11*d**2 - 17. Determine v(11).
-17
Let m(f) = f**2 - 3*f - 3. What is m(-2)?
7
Let u(y) = 2*y**2 - 5*y + 6. What is u(5)?
31
Let v(n) = -7*n**3 - 5*n**2 - 4*n. Determine v(-1).
6
Let k(n) = n**2 - 10*n + 13. Give k(7).
-8
Let l(r) = -r**3 + 5*r**2 + 3*r - 5. Determine l(5).
10
Let o(c) = 3*c**3 - 2*c**2 - 3*c + 3. Calculate o(2).
13
Let r(g) = 3*g**2 + 2*g - 18. Determine r(-3).
3
Let x(q) = q**3 + 16*q**2 + 55*q + 8. What is x(-6)?
38
Let d(x) = -2*x**2 + 2*x + 15. Give d(-3).
-9
Let f(j) = 3*j**3 - 21*j**2 - 2*j + 4. What is f(7)?
-10
Let z(j)